rime factors of (-6 - -8*x) + -5?
397
Suppose l + 7446 = -13*l + 182236. What are the prime factors of l?
5, 11, 227
Let y(s) = 17 - 25 + 158*s - 7*s + s - 59. What are the prime factors of y(2)?
3, 79
Suppose 0 = 3*u - 132 + 123. Suppose -g = -u*g + 3*v + 659, 4*g - v - 1313 = 0. List the prime factors of g.
2, 41
Let i be (5 - 2)*7/(-21) + 293. Suppose 3*o - i = 398. List the prime factors of o.
2, 5, 23
Suppose 11*z = 4911 + 17716. Let s = z + -783. What are the prime factors of s?
2, 7, 13
Let c = -4 + 8. Suppose 1230 = 9*u - c*u. Suppose -4*t + u + 46 = 0. What are the prime factors of t?
73
Let c(t) = 5 + 4*t**3 - 6*t**3 + 21*t**2 + t**3 - t**2. Let m be c(20). Suppose 0 = 3*r - 4*l - 284, m*l - 88 - 205 = -3*r. List the prime factors of r.
2, 3
Let m(j) = 23498*j**2 + 233*j - 1. What are the prime factors of m(1)?
2, 3, 5, 7, 113
Let i = -51956 + 91456. What are the prime factors of i?
2, 5, 79
Let i(a) = 4*a + 0*a**2 + a**3 - 52 + 24 - 8*a**2. Let x be i(8). What are the prime factors of 3 - 118/((-5 + x)*1)?
11
Suppose -2*l = -0*t - 3*t + 2128, -2*t - l = -1414. Let i be 8/52 + t/(-39). Let z = 52 + i. List the prime factors of z.
2, 17
Let p(m) = 3721*m + 32. List the prime factors of p(1).
3, 139
Let u be (15/3)/(6/(-12)). Let i(x) = 10*x**2 + 45*x + 24. What are the prime factors of i(u)?
2, 7, 41
Suppose -2*k = -8 + 4, 0 = 4*l + 5*k - 3270. Suppose -91*t = -86*t - l. What are the prime factors of t?
163
Let t(x) be the first derivative of 41*x**2/2 + 144*x - 120. List the prime factors of t(16).
2, 5
Let q = 35383 + -1352. List the prime factors of q.
34031
Let u = 35677 + -17415. List the prime factors of u.
2, 23, 397
Let t(d) be the third derivative of 8*d**4/3 + 17*d**3/6 - d**2. Let n(x) = 47*x - 2159. Let v be n(46). List the prime factors of t(v).
11, 19
List the prime factors of 5 + ((-14)/2 - -8 - -17161).
17167
Suppose -4076*d - 18472 = -4084*d. What are the prime factors of d?
2309
Let l = 60521 + -32406. What are the prime factors of l?
5, 5623
Suppose 18*k = 13*k + 955. Let w = k + 72. List the prime factors of w.
263
Let p = 3050 - 1549. Let t = p - 988. List the prime factors of t.
3, 19
Let d = 173 - 169. What are the prime factors of (2/d)/(2/20) + 4?
3
Let s = 17 + -6. Suppose s*n - 225 = 6*n. Suppose -4*h + 5*y = -n, 3*h - 2*y - 18 - 21 = 0. List the prime factors of h.
3, 5
Let t = 52 + 32. Suppose -3*z = -4*s - 400 - t, 3*s = -z + 170. List the prime factors of z.
2, 41
Let b = -5393 + 11914. What are the prime factors of b?
6521
Let g(a) = -99*a + 4977. List the prime factors of g(38).
3, 5
Let o be (-3)/(-15) - 17913/(-15)*-1. Let t = o + 2056. Suppose -10*q + t = -58. List the prime factors of q.
2, 23
Let f(s) = -30*s**3 + 7*s**2 - 3*s - 22. Let a be f(-5). Suppose 8*t = 14*t - a. What are the prime factors of t?
653
Suppose 7*w - n = 19706, 4*w - 4*n + 8*n = 11256. What are the prime factors of w?
5, 563
Suppose 18*u - 19*u = 35. Let f be 1191*8/30 - 14/u. Suppose -f = -5*a + 82. List the prime factors of a.
2, 5
What are the prime factors of -1144*1/((-18)/3)*(-11 + 17)?
2, 11, 13
Let h = 4134 + -7775. What are the prime factors of h/(-3) - (-1)/((-48)/32)?
1213
Let i = 72 - 83. Let a(w) = w**3 + 14*w**2 - 3*w - 24. What are the prime factors of a(i)?
2, 3, 31
Let d(j) = 3*j**2 - 11*j + 6. Let u(h) = -h**3 - h**2 + 2*h - 1. Let c(b) = -d(b) + 3*u(b). What are the prime factors of c(-7)?
607
Let g(j) = -15*j**2 - 22*j + 50*j**2 - 13*j**2 - 18*j**2 - 121. List the prime factors of g(-7).
229
Let q be -11 - (0 - -1)/((-4)/20). List the prime factors of (-10)/5 - (q/2 + -151).
2, 19
Suppose 7*g - 15 = -470. Let a = g - -71. What are the prime factors of (-171)/(-76) - (-1)/(8/a)?
3
Let p = -337 - -322. List the prime factors of ((-1548)/(-5))/((-6)/p).
2, 3, 43
Suppose 6 = -11*k + 14*k. List the prime factors of (6625/(-100))/(1*k/(-16)).
2, 5, 53
Suppose 2*s - 12*c - 19141 = -15*c, -c + 3 = 0. List the prime factors of s.
2, 4783
Suppose -z + 40054 = -5*q, 14*q + 240452 = 6*z + 16*q. What are the prime factors of z?
2, 3, 6679
Suppose -217*s - 85085 = -230*s. What are the prime factors of s?
5, 7, 11, 17
Let p(c) = 82*c**2 + 79*c + 133. What are the prime factors of p(-15)?
2, 8699
Let r = 6 - 6. Let f(b) = -2*b**2 - b + 72. Let v be f(r). Let l = v - 13. List the prime factors of l.
59
Suppose 4*s - 22 = -5*j, -5*j - 5*s - 4 = -29. Let h be 6/(-12) - (6867/(-6) + j). Suppose 4*q + 306 = h. What are the prime factors of q?
11, 19
Suppose -148*f - 3*q - 20315 = -153*f, -4*f = -3*q - 16249. List the prime factors of f.
2, 19, 107
Suppose 0 = 2*d + 433 + 959. Let x = 1479 + d. List the prime factors of x.
3, 29
Suppose 0 = -2*r - 2*q + 64, -r - 3*q = q - 23. Let t = -7 - -9. Suppose t*y + 3*h + 4 - r = 0, 4*y = 2*h + 38. What are the prime factors of y?
11
Suppose 37 - 550 = -9*i. Let x = i - 55. Suppose 0*j = -x*j - n + 72, 0 = -j - 5*n + 18. What are the prime factors of j?
2, 19
Let m = 25 + -60. What are the prime factors of 9 + m/7 - (-2 - 38)?
2, 11
Let k = 21948 - 10427. List the prime factors of k.
41, 281
Suppose 40*l - 42*l + 2*x + 24880 = 0, -x = 5*l - 62230. What are the prime factors of l?
5, 19, 131
Let r = 60 + 35. Let o = 97 - r. Suppose 2*z - z = -o*i + 140, z + i = 136. What are the prime factors of z?
2, 3, 11
Let k be -1*(-7)/14*16. Suppose 0 = -p + 2*q + 1515, 0 = -13*p + k*p - q + 7586. List the prime factors of p.
37, 41
Let i be -21*((-20)/15 - -1). Suppose -i*x + 11*x - 223 = d, -12 = 4*d. List the prime factors of x.
5, 11
Let s = -98 + 98. Suppose s = 2*l - 39 + 33. Suppose l*z - 10*z + 1596 = 0. List the prime factors of z.
2, 3, 19
Let y(k) = k**3 - 6*k**2 + 4*k - 1. Let j = -55 + 81. Suppose 0 = 5*d - j - 9. List the prime factors of y(d).
2, 19
Let o(r) = r**2 + 9*r + 35. Let c(i) = -4*i**2 - 46*i - 174. Let g(h) = -2*c(h) - 11*o(h). Let l be g(-6). Let k = -18 - l. What are the prime factors of k?
5, 17
Let t = 149 + 180. Let c = 522 - t. What are the prime factors of c?
193
Let z be (12/(-18))/(3/(45/2)). Let x(n) = 12*n**2 + 9*n - 8. What are the prime factors of x(z)?
13, 19
Let h(c) = -9*c**3 - 2*c**2 - 30*c - 103. What are the prime factors of h(-8)?
3, 19
Suppose -28819 = -112*w - 46710 + 252979. What are the prime factors of w?
2099
Let s = 31 - 43. Let i be 13/(78/s)*14/(-4). Suppose -573 = -i*g + 4*g. List the prime factors of g.
191
Suppose 3*n - z + 208 = 0, 0 = n - 7*z + 4*z + 56. Let d = -83 - n. Let r(v) = -5*v - 25. List the prime factors of r(d).
5, 7
Let b = -190 + 118. Let h(z) = -9*z**3 - z**2 + z + 3. Let a be h(3). Let q = b - a. What are the prime factors of q?
2, 3, 29
Suppose 4*j - 7*o - 13934 = -9*o, 3*j + 3*o - 10446 = 0. List the prime factors of j.
5, 17, 41
Let x = -5849 - -9575. What are the prime factors of x?
2, 3, 23
Suppose 0 = -87*n + 92*n - 175. List the prime factors of -334*(1 - n/10).
5, 167
Let c = 45879 + 11297. What are the prime factors of c?
2, 7, 1021
Suppose -1336 = 4*w - 4*r, 2*r + 368 + 654 = -3*w. Let v = 532 + w. What are the prime factors of v?
2, 97
Let n = 68 + -65. Suppose n*p = -p + 184. Suppose 0 = -p*d + 41*d + 865. List the prime factors of d.
173
Let p be (-3)/(-6) + 7/(70/16645). Suppose -p = -23*x + 635. List the prime factors of x.
2, 5
Let f = 40040 + -13094. What are the prime factors of f?
2, 3, 499
Suppose 418*y + 15499162 = 47633330. What are the prime factors of y?
2, 19219
Let t(f) = -f**2 + 9. Let x(j) = 1. Let i(m) = -t(m) + 2*x(m). Let b(z) = 65*z**2 + 326*z + 2. Let h be b(-5). What are the prime factors of i(h)?
2
Let h(p) = -2*p**2 + 212*p - 530. List the prime factors of h(73).
2, 67
Let t(m) = 108*m**2 + 56*m - 268. List the prime factors of t(5).
2, 3, 113
Let n(w) = 9*w**2 + 56*w - 1688. What are the prime factors of n(30)?
2, 7, 17
Let j be 18/30 - 406/35. Let y(m) = 2*m**2 + 2*m - 35. What are the prime factors of y(j)?
5, 37
What are the prime factors of 94580*(-4 + (-210)/(-50))?
2, 4729
Let k(h) = -12*h - 25. Let c(w) = w. Let f(y) = 3*c(y) + k(y). Let x be f(-11). Suppose -x*g = -75*g + 200. List the prime factors of g.
2, 5
Suppose -138*p + 326255 = 12857. What are the prime factors of p?
3, 757
Suppose -191 = -9*z + 349. Suppose -13*q + z = -18. List the prime factors of (q/12 - (-29)/(-6